{"id":21679,"date":"2020-08-13T19:12:57","date_gmt":"2020-08-13T19:12:57","guid":{"rendered":"https:\/\/stockholm83.qodeinteractive.com\/?page_id=10"},"modified":"2025-09-03T15:14:41","modified_gmt":"2025-09-03T13:14:41","slug":"about","status":"publish","type":"page","link":"https:\/\/operajunior.org\/index.php\/about\/","title":{"rendered":"Notre projet"},"content":{"rendered":"\t\t<div data-elementor-type=\"wp-page\" data-elementor-id=\"21679\" class=\"elementor elementor-21679\">\n\t\t\t\t\t\t<section style=\"background-image: url(http:\/\/operajunior.org\/wp-content\/uploads\/2025\/08\/OJFondApropos.jpg);\" class=\"parallax_section_holder elementor-section elementor-top-section elementor-element elementor-element-192e1c0 elementor-section-full_width parallax_section_holder elementor-section-height-default elementor-section-height-default qode_elementor_container_no qode-content-aligment-left\" data-speed=\"0\" data-id=\"192e1c0\" data-element_type=\"section\" data-settings=\"{&quot;qode_parallax_image&quot;:{&quot;url&quot;:&quot;http:\\\/\\\/operajunior.org\\\/wp-content\\\/uploads\\\/2025\\\/08\\\/OJFondApropos.jpg&quot;,&quot;id&quot;:21766,&quot;size&quot;:&quot;&quot;,&quot;alt&quot;:&quot;&quot;,&quot;source&quot;:&quot;library&quot;},&quot;background_background&quot;:&quot;slideshow&quot;,&quot;background_slideshow_gallery&quot;:[],&quot;background_slideshow_loop&quot;:&quot;yes&quot;,&quot;background_slideshow_slide_duration&quot;:5000,&quot;background_slideshow_slide_transition&quot;:&quot;fade&quot;,&quot;background_slideshow_transition_duration&quot;:500}\">\n\t\t\t\t\t\t<div class=\"elementor-container elementor-column-gap-default\">\n\t\t\t\t\t<div class=\"elementor-column elementor-col-100 elementor-top-column elementor-element elementor-element-c4f4640\" data-id=\"c4f4640\" data-element_type=\"column\">\n\t\t\t<div class=\"elementor-widget-wrap elementor-element-populated\">\n\t\t\t\t\t\t<div class=\"elementor-element elementor-element-4975563 elementor-widget elementor-widget-spacer\" data-id=\"4975563\" data-element_type=\"widget\" data-widget_type=\"spacer.default\">\n\t\t\t\t\t\t\t<div class=\"elementor-spacer\">\n\t\t\t<div class=\"elementor-spacer-inner\"><\/div>\n\t\t<\/div>\n\t\t\t\t\t\t<\/div>\n\t\t\t\t\t<\/div>\n\t\t<\/div>\n\t\t\t\t\t<\/div>\n\t\t<\/section>\n\t\t\t\t<section class=\"elementor-section elementor-top-section elementor-element elementor-element-76e2b58a elementor-section-full_width elementor-section-height-default elementor-section-height-default parallax_section_no qode_elementor_container_no qode-content-aligment-left\" data-id=\"76e2b58a\" data-element_type=\"section\">\n\t\t\t\t\t\t<div class=\"elementor-container elementor-column-gap-default\">\n\t\t\t\t\t<div class=\"elementor-column elementor-col-100 elementor-top-column elementor-element elementor-element-3e6ea56d\" data-id=\"3e6ea56d\" data-element_type=\"column\">\n\t\t\t<div class=\"elementor-widget-wrap elementor-element-populated\">\n\t\t\t\t\t\t<div class=\"elementor-element elementor-element-3cdc8ca0 elementor-widget-divider--view-line elementor-widget elementor-widget-divider\" data-id=\"3cdc8ca0\" data-element_type=\"widget\" data-widget_type=\"divider.default\">\n\t\t\t\t\t\t\t<div class=\"elementor-divider\">\n\t\t\t<span class=\"elementor-divider-separator\">\n\t\t\t\t\t\t<\/span>\n\t\t<\/div>\n\t\t\t\t\t\t<\/div>\n\t\t\t\t<div class=\"elementor-element elementor-element-4a1bd4f0 elementor-widget elementor-widget-text-editor\" data-id=\"4a1bd4f0\" data-element_type=\"widget\" data-widget_type=\"text-editor.default\">\n\t\t\t\t\t\t\t\t\t<h4>1. Qu&#8217;est-ce qu&#8217;Op\u00e9ra Junior ?<\/h4>\t\t\t\t\t\t\t\t<\/div>\n\t\t\t\t\t<\/div>\n\t\t<\/div>\n\t\t\t\t\t<\/div>\n\t\t<\/section>\n\t\t\t\t<section class=\"elementor-section elementor-top-section elementor-element elementor-element-11cf5ac qode_elementor_container_inner elementor-section-boxed elementor-section-height-default elementor-section-height-default parallax_section_no qode-content-aligment-left\" data-id=\"11cf5ac\" data-element_type=\"section\">\n\t\t\t\t\t\t<div class=\"elementor-container elementor-column-gap-default\">\n\t\t\t\t\t<div class=\"elementor-column elementor-col-50 elementor-top-column elementor-element elementor-element-2c70b95\" data-id=\"2c70b95\" data-element_type=\"column\">\n\t\t\t<div class=\"elementor-widget-wrap elementor-element-populated\">\n\t\t\t\t\t\t<div class=\"elementor-element elementor-element-b800587 elementor-widget elementor-widget-text-editor\" data-id=\"b800587\" data-element_type=\"widget\" data-widget_type=\"text-editor.default\">\n\t\t\t\t\t\t\t\t\t<h3>Cr\u00e9\u00e9 en 2021, Op\u00e9ra Junior a pour but de diffuser aupr\u00e8s du jeune public les chefs d&#8217;\u0153uvre de l&#8217;op\u00e9ra, par le biais d&#8217;adaptations en fran\u00e7ais ludiques, modernes et exigeantes.\u00a0<\/h3>\t\t\t\t\t\t\t\t<\/div>\n\t\t\t\t<div class=\"elementor-element elementor-element-36e9817 elementor-widget elementor-widget-text-editor\" data-id=\"36e9817\" data-element_type=\"widget\" data-widget_type=\"text-editor.default\">\n\t\t\t\t\t\t\t\t\t<p>Fond\u00e9e en 2021 par le d\u00e9funt Amaury du Closel pour permettre aux enfants et aux familles de prendre go\u00fbt \u00e0 l&#8217;art lyrique, Op\u00e9ra Junior (anciennement Op\u00e9ra Nomade Junior) constitue aujourd&#8217;hui l&#8217;une des principales compagnies nationales sp\u00e9cialis\u00e9e dans la d\u00e9mocratisation de l&#8217;op\u00e9ra, par des propositions de grande qualit\u00e9 pens\u00e9es sp\u00e9cialement pour l&#8217;initiation et la d\u00e9couverte.<\/p>\t\t\t\t\t\t\t\t<\/div>\n\t\t\t\t<div class=\"elementor-element elementor-element-591e052 elementor-widget elementor-widget-text-editor\" data-id=\"591e052\" data-element_type=\"widget\" data-widget_type=\"text-editor.default\">\n\t\t\t\t\t\t\t\t\t<p>Apr\u00e8s une <em>Petite Fl\u00fbte Enchant\u00e9e<\/em> d&#8217;apr\u00e8s Mozart, <em>H\u00e4nsel &amp; Gretel&#8230; et peut-\u00eatre m\u00eame une sorci\u00e8re<\/em> d&#8217;apr\u00e8s Humperdinck, c&#8217;est le <em>Petit Barbier<\/em> d&#8217;apr\u00e8s Rossini qui a permis \u00e0 la compagnie, moins de quatre ans apr\u00e8s sa cr\u00e9ation, de franchir \u00e0 l&#8217;\u00e9t\u00e9 2025 le cap des 100 repr\u00e9sentations tenues sur l&#8217;ensemble du territoire fran\u00e7ais et des 30 000 spectateurs &#8211; petits et grands.<\/p>\t\t\t\t\t\t\t\t<\/div>\n\t\t\t\t\t<\/div>\n\t\t<\/div>\n\t\t\t\t<div class=\"elementor-column elementor-col-50 elementor-top-column elementor-element elementor-element-ccac1b0 elementor-hidden-tablet elementor-hidden-phone\" data-id=\"ccac1b0\" data-element_type=\"column\">\n\t\t\t<div class=\"elementor-widget-wrap\">\n\t\t\t\t\t\t\t<\/div>\n\t\t<\/div>\n\t\t\t\t\t<\/div>\n\t\t<\/section>\n\t\t\t\t<section class=\"elementor-section elementor-top-section elementor-element elementor-element-9c3062d elementor-section-full_width elementor-section-height-default elementor-section-height-default parallax_section_no qode_elementor_container_no qode-content-aligment-left\" data-id=\"9c3062d\" data-element_type=\"section\">\n\t\t\t\t\t\t<div class=\"elementor-container elementor-column-gap-default\">\n\t\t\t\t\t<div class=\"elementor-column elementor-col-100 elementor-top-column elementor-element elementor-element-08f20c0\" data-id=\"08f20c0\" data-element_type=\"column\">\n\t\t\t<div class=\"elementor-widget-wrap elementor-element-populated\">\n\t\t\t\t\t\t<div class=\"elementor-element elementor-element-fbb408c elementor-widget-divider--view-line elementor-widget elementor-widget-divider\" data-id=\"fbb408c\" data-element_type=\"widget\" data-widget_type=\"divider.default\">\n\t\t\t\t\t\t\t<div class=\"elementor-divider\">\n\t\t\t<span class=\"elementor-divider-separator\">\n\t\t\t\t\t\t<\/span>\n\t\t<\/div>\n\t\t\t\t\t\t<\/div>\n\t\t\t\t<div class=\"elementor-element elementor-element-ee0e717 elementor-widget elementor-widget-text-editor\" data-id=\"ee0e717\" data-element_type=\"widget\" data-widget_type=\"text-editor.default\">\n\t\t\t\t\t\t\t\t\t<h4>2. Qui ? Quoi ? O\u00f9 ?<\/h4>\t\t\t\t\t\t\t\t<\/div>\n\t\t\t\t\t<\/div>\n\t\t<\/div>\n\t\t\t\t\t<\/div>\n\t\t<\/section>\n\t\t\t\t<section class=\"elementor-section elementor-top-section elementor-element elementor-element-25e3996 qode_elementor_container_inner elementor-section-boxed elementor-section-height-default elementor-section-height-default parallax_section_no qode-content-aligment-left\" data-id=\"25e3996\" data-element_type=\"section\">\n\t\t\t\t\t\t<div class=\"elementor-container elementor-column-gap-default\">\n\t\t\t\t\t<div class=\"elementor-column elementor-col-50 elementor-top-column elementor-element elementor-element-491f78f\" data-id=\"491f78f\" data-element_type=\"column\">\n\t\t\t<div class=\"elementor-widget-wrap elementor-element-populated\">\n\t\t\t\t\t\t<div class=\"elementor-element elementor-element-081cf9a elementor-widget elementor-widget-text-editor\" data-id=\"081cf9a\" data-element_type=\"widget\" data-widget_type=\"text-editor.default\">\n\t\t\t\t\t\t\t\t\t<p>Sous la direction depuis octobre 2024 de Thomas Tacquet avec la complicit\u00e9 de Marine Garcia-Garnier \u00e0 l&#8217;\u00e9criture et aux mises en sc\u00e8ne, Op\u00e9ra Junior est bas\u00e9 \u00e0 Vend\u00f4me, en r\u00e9gion Centre &#8211; Val-de-Loire. Des solistes renomm\u00e9s, associ\u00e9s \u00e0 diff\u00e9rents instrumentistes particuli\u00e8rement impliqu\u00e9s dans la transmission de leur art, viennent composer les \u00e9quipes artistiques.\u00a0<\/p>\t\t\t\t\t\t\t\t<\/div>\n\t\t\t\t<div class=\"elementor-element elementor-element-29cad62 elementor-widget elementor-widget-text-editor\" data-id=\"29cad62\" data-element_type=\"widget\" data-widget_type=\"text-editor.default\">\n\t\t\t\t\t\t\t\t\t<p>La compagnie travaille en \u00e9troite collaboration avec l&#8217;Op\u00e9ra de Tours ainsi que plusieurs th\u00e9\u00e2tres franciliens (th\u00e9\u00e2tre Montansier de Versailles, th\u00e9\u00e2tre de Neuilly, th\u00e9\u00e2tre de Plaisir) pour la diffusion et la cr\u00e9ation de ses spectacles. En parall\u00e8le de ses op\u00e9ras tout publics \u00e0 diffusion nationale, Op\u00e9ra Junior porte des projets de m\u00e9diation ambitieux dans les structures \u00e9ducatives et sociales du Loir-et-Cher, seul ou en association avec les <a href=\"https:\/\/www.amis-musique-vendomois.org\">Amis de la Musique en Vend\u00f4mois<\/a>.\u00a0<\/p>\t\t\t\t\t\t\t\t<\/div>\n\t\t\t\t<div class=\"elementor-element elementor-element-c87d13d elementor-widget elementor-widget-text-editor\" data-id=\"c87d13d\" data-element_type=\"widget\" data-widget_type=\"text-editor.default\">\n\t\t\t\t\t\t\t\t\t<p><em>Op\u00e9ra Junior est soutenu par le Centre National de la Musique, l&#8217;ADAMI, la SPEDIDAM, le Minist\u00e8re de la Culture (FONPEPS) et ses m\u00e9c\u00e8nes.<\/em><\/p>\t\t\t\t\t\t\t\t<\/div>\n\t\t\t\t\t<\/div>\n\t\t<\/div>\n\t\t\t\t<div class=\"elementor-column elementor-col-50 elementor-top-column elementor-element elementor-element-dcd980e elementor-hidden-tablet elementor-hidden-phone\" data-id=\"dcd980e\" data-element_type=\"column\">\n\t\t\t<div class=\"elementor-widget-wrap\">\n\t\t\t\t\t\t\t<\/div>\n\t\t<\/div>\n\t\t\t\t\t<\/div>\n\t\t<\/section>\n\t\t\t\t<\/div>\n\t\t","protected":false},"excerpt":{"rendered":"<p>1. Qu&#8217;est-ce qu&#8217;Op\u00e9ra Junior ? Cr\u00e9\u00e9 en 2021, Op\u00e9ra Junior a pour but de diffuser aupr\u00e8s du jeune public les chefs d&#8217;\u0153uvre de l&#8217;op\u00e9ra, par le biais d&#8217;adaptations en fran\u00e7ais ludiques, modernes et exigeantes.\u00a0 Fond\u00e9e en 2021 par le d\u00e9funt Amaury du Closel pour permettre&#8230;<\/p>\n","protected":false},"author":1,"featured_media":0,"parent":0,"menu_order":0,"comment_status":"closed","ping_status":"closed","template":"full_width.php","meta":{"footnotes":""},"class_list":["post-21679","page","type-page","status-publish","hentry"],"_links":{"self":[{"href":"https:\/\/operajunior.org\/index.php\/wp-json\/wp\/v2\/pages\/21679","targetHints":{"allow":["GET"]}}],"collection":[{"href":"https:\/\/operajunior.org\/index.php\/wp-json\/wp\/v2\/pages"}],"about":[{"href":"https:\/\/operajunior.org\/index.php\/wp-json\/wp\/v2\/types\/page"}],"author":[{"embeddable":true,"href":"https:\/\/operajunior.org\/index.php\/wp-json\/wp\/v2\/users\/1"}],"replies":[{"embeddable":true,"href":"https:\/\/operajunior.org\/index.php\/wp-json\/wp\/v2\/comments?post=21679"}],"version-history":[{"count":45,"href":"https:\/\/operajunior.org\/index.php\/wp-json\/wp\/v2\/pages\/21679\/revisions"}],"predecessor-version":[{"id":22095,"href":"https:\/\/operajunior.org\/index.php\/wp-json\/wp\/v2\/pages\/21679\/revisions\/22095"}],"wp:attachment":[{"href":"https:\/\/operajunior.org\/index.php\/wp-json\/wp\/v2\/media?parent=21679"}],"curies":[{"name":"wp","href":"https:\/\/api.w.org\/{rel}","templated":true}]}}

<div data-elementor-type="wp-page" data-elementor-id="21679" class="elementor elementor-21679">
						<section style="background-image: url(http://operajunior.org/wp-content/uploads/2025/08/OJFondApropos.jpg);" class="parallax_section_holder elementor-section elementor-top-section elementor-element elementor-element-192e1c0 elementor-section-full_width parallax_section_holder elementor-section-height-default elementor-section-height-default qode_elementor_container_no qode-content-aligment-left" data-speed="0" data-id="192e1c0" data-element_type="section" data-settings="{&quot;qode_parallax_image&quot;:{&quot;url&quot;:&quot;http:\/\/operajunior.org\/wp-content\/uploads\/2025\/08\/OJFondApropos.jpg&quot;,&quot;id&quot;:21766,&quot;size&quot;:&quot;&quot;,&quot;alt&quot;:&quot;&quot;,&quot;source&quot;:&quot;library&quot;},&quot;background_background&quot;:&quot;slideshow&quot;,&quot;background_slideshow_gallery&quot;:[],&quot;background_slideshow_loop&quot;:&quot;yes&quot;,&quot;background_slideshow_slide_duration&quot;:5000,&quot;background_slideshow_slide_transition&quot;:&quot;fade&quot;,&quot;background_slideshow_transition_duration&quot;:500}">
						<div class="elementor-container elementor-column-gap-default">
					<div class="elementor-column elementor-col-100 elementor-top-column elementor-element elementor-element-c4f4640" data-id="c4f4640" data-element_type="column">
			<div class="elementor-widget-wrap elementor-element-populated">
						<div class="elementor-element elementor-element-4975563 elementor-widget elementor-widget-spacer" data-id="4975563" data-element_type="widget" data-widget_type="spacer.default">
							<div class="elementor-spacer">
			<div class="elementor-spacer-inner"></div>
		</div>
						</div>
					</div>
		</div>
					</div>
		</section>
				<section class="elementor-section elementor-top-section elementor-element elementor-element-76e2b58a elementor-section-full_width elementor-section-height-default elementor-section-height-default parallax_section_no qode_elementor_container_no qode-content-aligment-left" data-id="76e2b58a" data-element_type="section">
						<div class="elementor-container elementor-column-gap-default">
					<div class="elementor-column elementor-col-100 elementor-top-column elementor-element elementor-element-3e6ea56d" data-id="3e6ea56d" data-element_type="column">
			<div class="elementor-widget-wrap elementor-element-populated">
						<div class="elementor-element elementor-element-3cdc8ca0 elementor-widget-divider--view-line elementor-widget elementor-widget-divider" data-id="3cdc8ca0" data-element_type="widget" data-widget_type="divider.default">
							<div class="elementor-divider">
			<span class="elementor-divider-separator">
						</span>
		</div>
						</div>
				<div class="elementor-element elementor-element-4a1bd4f0 elementor-widget elementor-widget-text-editor" data-id="4a1bd4f0" data-element_type="widget" data-widget_type="text-editor.default">
									<h4>1. Qu&#8217;est-ce qu&#8217;Opéra Junior ?</h4>								</div>
					</div>
		</div>
					</div>
		</section>
				<section class="elementor-section elementor-top-section elementor-element elementor-element-11cf5ac qode_elementor_container_inner elementor-section-boxed elementor-section-height-default elementor-section-height-default parallax_section_no qode-content-aligment-left" data-id="11cf5ac" data-element_type="section">
						<div class="elementor-container elementor-column-gap-default">
					<div class="elementor-column elementor-col-50 elementor-top-column elementor-element elementor-element-2c70b95" data-id="2c70b95" data-element_type="column">
			<div class="elementor-widget-wrap elementor-element-populated">
						<div class="elementor-element elementor-element-b800587 elementor-widget elementor-widget-text-editor" data-id="b800587" data-element_type="widget" data-widget_type="text-editor.default">
									<h3>Créé en 2021, Opéra Junior a pour but de diffuser auprès du jeune public les chefs d&#8217;œuvre de l&#8217;opéra, par le biais d&#8217;adaptations en français ludiques, modernes et exigeantes. </h3>								</div>
				<div class="elementor-element elementor-element-36e9817 elementor-widget elementor-widget-text-editor" data-id="36e9817" data-element_type="widget" data-widget_type="text-editor.default">
									<p>Fondée en 2021 par le défunt Amaury du Closel pour permettre aux enfants et aux familles de prendre goût à l&#8217;art lyrique, Opéra Junior (anciennement Opéra Nomade Junior) constitue aujourd&#8217;hui l&#8217;une des principales compagnies nationales spécialisée dans la démocratisation de l&#8217;opéra, par des propositions de grande qualité pensées spécialement pour l&#8217;initiation et la découverte.</p>								</div>
				<div class="elementor-element elementor-element-591e052 elementor-widget elementor-widget-text-editor" data-id="591e052" data-element_type="widget" data-widget_type="text-editor.default">
									<p>Après une <em>Petite Flûte Enchantée</em> d&#8217;après Mozart, <em>Hänsel &amp; Gretel&#8230; et peut-être même une sorcière</em> d&#8217;après Humperdinck, c&#8217;est le <em>Petit Barbier</em> d&#8217;après Rossini qui a permis à la compagnie, moins de quatre ans après sa création, de franchir à l&#8217;été 2025 le cap des 100 représentations tenues sur l&#8217;ensemble du territoire français et des 30 000 spectateurs &#8211; petits et grands.</p>								</div>
					</div>
		</div>
				<div class="elementor-column elementor-col-50 elementor-top-column elementor-element elementor-element-ccac1b0 elementor-hidden-tablet elementor-hidden-phone" data-id="ccac1b0" data-element_type="column">
			<div class="elementor-widget-wrap">
							</div>
		</div>
					</div>
		</section>
				<section class="elementor-section elementor-top-section elementor-element elementor-element-9c3062d elementor-section-full_width elementor-section-height-default elementor-section-height-default parallax_section_no qode_elementor_container_no qode-content-aligment-left" data-id="9c3062d" data-element_type="section">
						<div class="elementor-container elementor-column-gap-default">
					<div class="elementor-column elementor-col-100 elementor-top-column elementor-element elementor-element-08f20c0" data-id="08f20c0" data-element_type="column">
			<div class="elementor-widget-wrap elementor-element-populated">
						<div class="elementor-element elementor-element-fbb408c elementor-widget-divider--view-line elementor-widget elementor-widget-divider" data-id="fbb408c" data-element_type="widget" data-widget_type="divider.default">
							<div class="elementor-divider">
			<span class="elementor-divider-separator">
						</span>
		</div>
						</div>
				<div class="elementor-element elementor-element-ee0e717 elementor-widget elementor-widget-text-editor" data-id="ee0e717" data-element_type="widget" data-widget_type="text-editor.default">
									<h4>2. Qui ? Quoi ? Où ?</h4>								</div>
					</div>
		</div>
					</div>
		</section>
				<section class="elementor-section elementor-top-section elementor-element elementor-element-25e3996 qode_elementor_container_inner elementor-section-boxed elementor-section-height-default elementor-section-height-default parallax_section_no qode-content-aligment-left" data-id="25e3996" data-element_type="section">
						<div class="elementor-container elementor-column-gap-default">
					<div class="elementor-column elementor-col-50 elementor-top-column elementor-element elementor-element-491f78f" data-id="491f78f" data-element_type="column">
			<div class="elementor-widget-wrap elementor-element-populated">
						<div class="elementor-element elementor-element-081cf9a elementor-widget elementor-widget-text-editor" data-id="081cf9a" data-element_type="widget" data-widget_type="text-editor.default">
									<p>Sous la direction depuis octobre 2024 de Thomas Tacquet avec la complicité de Marine Garcia-Garnier à l&#8217;écriture et aux mises en scène, Opéra Junior est basé à Vendôme, en région Centre &#8211; Val-de-Loire. Des solistes renommés, associés à différents instrumentistes particulièrement impliqués dans la transmission de leur art, viennent composer les équipes artistiques. </p>								</div>
				<div class="elementor-element elementor-element-29cad62 elementor-widget elementor-widget-text-editor" data-id="29cad62" data-element_type="widget" data-widget_type="text-editor.default">
									<p>La compagnie travaille en étroite collaboration avec l&#8217;Opéra de Tours ainsi que plusieurs théâtres franciliens (théâtre Montansier de Versailles, théâtre de Neuilly, théâtre de Plaisir) pour la diffusion et la création de ses spectacles. En parallèle de ses opéras tout publics à diffusion nationale, Opéra Junior porte des projets de médiation ambitieux dans les structures éducatives et sociales du Loir-et-Cher, seul ou en association avec les <a href="https://www.amis-musique-vendomois.org">Amis de la Musique en Vendômois</a>. </p>								</div>
				<div class="elementor-element elementor-element-c87d13d elementor-widget elementor-widget-text-editor" data-id="c87d13d" data-element_type="widget" data-widget_type="text-editor.default">
									<p><em>Opéra Junior est soutenu par le Centre National de la Musique, l&#8217;ADAMI, la SPEDIDAM, le Ministère de la Culture (FONPEPS) et ses mécènes.</em></p>								</div>
					</div>
		</div>
				<div class="elementor-column elementor-col-50 elementor-top-column elementor-element elementor-element-dcd980e elementor-hidden-tablet elementor-hidden-phone" data-id="dcd980e" data-element_type="column">
			<div class="elementor-widget-wrap">
							</div>
		</div>
					</div>
		</section>
				</div>

<p>1. Qu&#8217;est-ce qu&#8217;Opéra Junior ? Créé en 2021, Opéra Junior a pour but de diffuser auprès du jeune public les chefs d&#8217;œuvre de l&#8217;opéra, par le biais d&#8217;adaptations en français ludiques, modernes et exigeantes.  Fondée en 2021 par le défunt Amaury du Closel pour permettre&#8230;</p>
