{"id":21770,"date":"2025-08-22T15:38:15","date_gmt":"2025-08-22T13:38:15","guid":{"rendered":"https:\/\/operajunior.org\/?page_id=21770"},"modified":"2025-12-27T12:02:14","modified_gmt":"2025-12-27T11:02:14","slug":"nos-engagements","status":"publish","type":"page","link":"https:\/\/operajunior.org\/index.php\/nos-engagements\/","title":{"rendered":"Nos engagements"},"content":{"rendered":"\t\t<div data-elementor-type=\"wp-page\" data-elementor-id=\"21770\" class=\"elementor elementor-21770\">\n\t\t\t\t\t\t<section style=\"background-image: url(http:\/\/operajunior.org\/wp-content\/uploads\/2025\/08\/OJFondnosengagements.jpg);\" class=\"parallax_section_holder elementor-section elementor-top-section elementor-element elementor-element-32425669 elementor-section-full_width parallax_section_holder elementor-section-stretched elementor-section-height-default elementor-section-height-default qode_elementor_container_no qode-content-aligment-left\" data-speed=\"0\" data-id=\"32425669\" data-element_type=\"section\" data-settings=\"{&quot;qode_parallax_image&quot;:{&quot;url&quot;:&quot;http:\\\/\\\/operajunior.org\\\/wp-content\\\/uploads\\\/2025\\\/08\\\/OJFondnosengagements.jpg&quot;,&quot;id&quot;:21779,&quot;size&quot;:&quot;&quot;,&quot;alt&quot;:&quot;&quot;,&quot;source&quot;:&quot;library&quot;},&quot;background_background&quot;:&quot;slideshow&quot;,&quot;stretch_section&quot;:&quot;section-stretched&quot;,&quot;background_slideshow_gallery&quot;:[],&quot;background_slideshow_loop&quot;:&quot;yes&quot;,&quot;background_slideshow_slide_duration&quot;:5000,&quot;background_slideshow_slide_transition&quot;:&quot;fade&quot;,&quot;background_slideshow_transition_duration&quot;:500}\">\n\t\t\t\t\t\t<div class=\"elementor-container elementor-column-gap-default\">\n\t\t\t\t\t<div class=\"elementor-column elementor-col-100 elementor-top-column elementor-element elementor-element-7af592d6\" data-id=\"7af592d6\" data-element_type=\"column\">\n\t\t\t<div class=\"elementor-widget-wrap elementor-element-populated\">\n\t\t\t\t\t\t<div class=\"elementor-element elementor-element-162f0bae elementor-widget elementor-widget-spacer\" data-id=\"162f0bae\" data-element_type=\"widget\" data-widget_type=\"spacer.default\">\n\t\t\t\t\t\t\t<div class=\"elementor-spacer\">\n\t\t\t<div class=\"elementor-spacer-inner\"><\/div>\n\t\t<\/div>\n\t\t\t\t\t\t<\/div>\n\t\t\t\t\t<\/div>\n\t\t<\/div>\n\t\t\t\t\t<\/div>\n\t\t<\/section>\n\t\t\t\t<section class=\"elementor-section elementor-top-section elementor-element elementor-element-10b3d155 elementor-section-full_width elementor-section-height-default elementor-section-height-default parallax_section_no qode_elementor_container_no qode-content-aligment-left\" data-id=\"10b3d155\" data-element_type=\"section\">\n\t\t\t\t\t\t<div class=\"elementor-container elementor-column-gap-default\">\n\t\t\t\t\t<div class=\"elementor-column elementor-col-100 elementor-top-column elementor-element elementor-element-361df43\" data-id=\"361df43\" data-element_type=\"column\">\n\t\t\t<div class=\"elementor-widget-wrap elementor-element-populated\">\n\t\t\t\t\t\t<div class=\"elementor-element elementor-element-5d3b5e1b elementor-widget-divider--view-line elementor-widget elementor-widget-divider\" data-id=\"5d3b5e1b\" data-element_type=\"widget\" data-widget_type=\"divider.default\">\n\t\t\t\t\t\t\t<div class=\"elementor-divider\">\n\t\t\t<span class=\"elementor-divider-separator\">\n\t\t\t\t\t\t<\/span>\n\t\t<\/div>\n\t\t\t\t\t\t<\/div>\n\t\t\t\t<div class=\"elementor-element elementor-element-7ca0e360 elementor-widget elementor-widget-text-editor\" data-id=\"7ca0e360\" data-element_type=\"widget\" data-widget_type=\"text-editor.default\">\n\t\t\t\t\t\t\t\t\t<h4>Un engagement \u00e9cologique et social<\/h4>\t\t\t\t\t\t\t\t<\/div>\n\t\t\t\t\t<\/div>\n\t\t<\/div>\n\t\t\t\t\t<\/div>\n\t\t<\/section>\n\t\t\t\t<section class=\"elementor-section elementor-top-section elementor-element elementor-element-10d665a9 qode_elementor_container_inner elementor-section-boxed elementor-section-height-default elementor-section-height-default parallax_section_no qode-content-aligment-left\" data-id=\"10d665a9\" data-element_type=\"section\">\n\t\t\t\t\t\t<div class=\"elementor-container elementor-column-gap-default\">\n\t\t\t\t\t<div class=\"elementor-column elementor-col-50 elementor-top-column elementor-element elementor-element-5542334e\" data-id=\"5542334e\" data-element_type=\"column\">\n\t\t\t<div class=\"elementor-widget-wrap elementor-element-populated\">\n\t\t\t\t\t\t<div class=\"elementor-element elementor-element-1d949681 elementor-widget elementor-widget-text-editor\" data-id=\"1d949681\" data-element_type=\"widget\" data-widget_type=\"text-editor.default\">\n\t\t\t\t\t\t\t\t\t<p>L&#8217;une des valeurs constitutives d&#8217;Op\u00e9ra Junior depuis sa cr\u00e9ation est <strong>l&#8217;engagement<\/strong>. Un engagement au service de l&#8217;accessibilit\u00e9 de l&#8217;art, au service des populations \u00e9loign\u00e9es de la culture dite savante, mais qui se veut \u00e9galement aujourd&#8217;hui <strong>environnemental et social<\/strong>.\u00a0<\/p>\t\t\t\t\t\t\t\t<\/div>\n\t\t\t\t<div class=\"elementor-element elementor-element-13534283 elementor-widget elementor-widget-text-editor\" data-id=\"13534283\" data-element_type=\"widget\" data-widget_type=\"text-editor.default\">\n\t\t\t\t\t\t\t\t\t<p>Avec des productions con\u00e7ues dans une d\u00e9marche circulaire et raisonn\u00e9e, une politique d&#8217;achats responsables, une optimisation des d\u00e9placements et des usages num\u00e9riques, les \u00e9quipes d&#8217;Op\u00e9ra Junior contribuent \u00e0 repenser les mod\u00e8les, les habitudes et les pratiques afin de poursuivre et d\u00e9velopper les activit\u00e9s artistiques sur <strong>des fondements plus durables<\/strong>.<\/p><p>Afin de marquer ces \u00e9volutions et les inscrire dans une perspective collaborative, l&#8217;association est en cours d&#8217;adh\u00e9sion \u00e0 <strong>Arviva<\/strong>.\u00a0<\/p>\t\t\t\t\t\t\t\t<\/div>\n\t\t\t\t<div class=\"elementor-element elementor-element-83d6b3a elementor-widget elementor-widget-text-editor\" data-id=\"83d6b3a\" data-element_type=\"widget\" data-widget_type=\"text-editor.default\">\n\t\t\t\t\t\t\t\t\t<p><strong><a href=\"https:\/\/www.arviva.org\">www.arviva.org<\/a><\/strong><\/p>\t\t\t\t\t\t\t\t<\/div>\n\t\t\t\t\t<\/div>\n\t\t<\/div>\n\t\t\t\t<div class=\"elementor-column elementor-col-50 elementor-top-column elementor-element elementor-element-8ce33be elementor-hidden-tablet elementor-hidden-phone\" data-id=\"8ce33be\" data-element_type=\"column\">\n\t\t\t<div class=\"elementor-widget-wrap\">\n\t\t\t\t\t\t\t<\/div>\n\t\t<\/div>\n\t\t\t\t\t<\/div>\n\t\t<\/section>\n\t\t\t\t<section class=\"elementor-section elementor-top-section elementor-element elementor-element-423d5b1 elementor-section-full_width elementor-section-height-default elementor-section-height-default parallax_section_no qode_elementor_container_no qode-content-aligment-left\" data-id=\"423d5b1\" data-element_type=\"section\">\n\t\t\t\t\t\t<div class=\"elementor-container elementor-column-gap-default\">\n\t\t\t\t\t<div class=\"elementor-column elementor-col-100 elementor-top-column elementor-element elementor-element-0415a0f\" data-id=\"0415a0f\" data-element_type=\"column\">\n\t\t\t<div class=\"elementor-widget-wrap elementor-element-populated\">\n\t\t\t\t\t\t<div class=\"elementor-element elementor-element-1286f40 elementor-widget-divider--view-line elementor-widget elementor-widget-divider\" data-id=\"1286f40\" data-element_type=\"widget\" data-widget_type=\"divider.default\">\n\t\t\t\t\t\t\t<div class=\"elementor-divider\">\n\t\t\t<span class=\"elementor-divider-separator\">\n\t\t\t\t\t\t<\/span>\n\t\t<\/div>\n\t\t\t\t\t\t<\/div>\n\t\t\t\t<div class=\"elementor-element elementor-element-8cdb3a0 elementor-widget elementor-widget-text-editor\" data-id=\"8cdb3a0\" data-element_type=\"widget\" data-widget_type=\"text-editor.default\">\n\t\t\t\t\t\t\t\t\t<h4>Egalit\u00e9 professionnelle et engagements<\/h4>\t\t\t\t\t\t\t\t<\/div>\n\t\t\t\t\t<\/div>\n\t\t<\/div>\n\t\t\t\t\t<\/div>\n\t\t<\/section>\n\t\t\t\t<section class=\"elementor-section elementor-top-section elementor-element elementor-element-70af44b qode_elementor_container_inner elementor-section-boxed elementor-section-height-default elementor-section-height-default parallax_section_no qode-content-aligment-left\" data-id=\"70af44b\" data-element_type=\"section\">\n\t\t\t\t\t\t<div class=\"elementor-container elementor-column-gap-default\">\n\t\t\t\t\t<div class=\"elementor-column elementor-col-50 elementor-top-column elementor-element elementor-element-8181ab0\" data-id=\"8181ab0\" data-element_type=\"column\">\n\t\t\t<div class=\"elementor-widget-wrap elementor-element-populated\">\n\t\t\t\t\t\t<div class=\"elementor-element elementor-element-b87265b elementor-widget elementor-widget-text-editor\" data-id=\"b87265b\" data-element_type=\"widget\" data-widget_type=\"text-editor.default\">\n\t\t\t\t\t\t\t\t\t<p>S\u2019engager pour l\u2019environnement, c\u2019est aussi s\u2019engager pour l\u2019humain, notamment dans le domaine social et des ressources humaines. Outre l\u2019application de grilles salariales au-del\u00e0 des obligations l\u00e9gales pour toutes les cat\u00e9gories de personnels employ\u00e9s dans une stricte \u00e9galit\u00e9 homme \u2013 femme, Op\u00e9ra Junior s\u2019engage \u00e9galement dans la pr\u00e9vention et la lutte contre les agissements sexistes, le harc\u00e8lement sexuel et plus largement contre toutes formes de harc\u00e8lements et de discriminations.<\/p>\t\t\t\t\t\t\t\t<\/div>\n\t\t\t\t<div class=\"elementor-element elementor-element-be2cdb6 elementor-widget elementor-widget-text-editor\" data-id=\"be2cdb6\" data-element_type=\"widget\" data-widget_type=\"text-editor.default\">\n\t\t\t\t\t\t\t\t\t<p>Ainsi, depuis 2023, deux personnes r\u00e9f\u00e9rentes dont un membre du bureau de l&#8217;association, ont \u00e9t\u00e9 sp\u00e9cifiquement form\u00e9es \u00e0 ces questions et sont identifi\u00e9es aupr\u00e8s des artistes et techniciens intervenants en marge de chaque production. Diff\u00e9rents outils ont \u00e9galement \u00e9t\u00e9 mis en place afin de promouvoir un environnement de travail o\u00f9 tous les talents, qu\u2019ils soient artistiques, techniques ou administratifs, peuvent s\u2019\u00e9panouir.<\/p>\t\t\t\t\t\t\t\t<\/div>\n\t\t\t\t\t<\/div>\n\t\t<\/div>\n\t\t\t\t<div class=\"elementor-column elementor-col-50 elementor-top-column elementor-element elementor-element-a4d79e2 elementor-hidden-tablet elementor-hidden-phone\" data-id=\"a4d79e2\" data-element_type=\"column\">\n\t\t\t<div class=\"elementor-widget-wrap\">\n\t\t\t\t\t\t\t<\/div>\n\t\t<\/div>\n\t\t\t\t\t<\/div>\n\t\t<\/section>\n\t\t\t\t<\/div>\n\t\t","protected":false},"excerpt":{"rendered":"<p>Un engagement \u00e9cologique et social L&#8217;une des valeurs constitutives d&#8217;Op\u00e9ra Junior depuis sa cr\u00e9ation est l&#8217;engagement. Un engagement au service de l&#8217;accessibilit\u00e9 de l&#8217;art, au service des populations \u00e9loign\u00e9es de la culture dite savante, mais qui se veut \u00e9galement aujourd&#8217;hui environnemental et social.\u00a0 Avec des&#8230;<\/p>\n","protected":false},"author":1,"featured_media":0,"parent":0,"menu_order":0,"comment_status":"closed","ping_status":"closed","template":"","meta":{"footnotes":""},"class_list":["post-21770","page","type-page","status-publish","hentry"],"_links":{"self":[{"href":"https:\/\/operajunior.org\/index.php\/wp-json\/wp\/v2\/pages\/21770","targetHints":{"allow":["GET"]}}],"collection":[{"href":"https:\/\/operajunior.org\/index.php\/wp-json\/wp\/v2\/pages"}],"about":[{"href":"https:\/\/operajunior.org\/index.php\/wp-json\/wp\/v2\/types\/page"}],"author":[{"embeddable":true,"href":"https:\/\/operajunior.org\/index.php\/wp-json\/wp\/v2\/users\/1"}],"replies":[{"embeddable":true,"href":"https:\/\/operajunior.org\/index.php\/wp-json\/wp\/v2\/comments?post=21770"}],"version-history":[{"count":10,"href":"https:\/\/operajunior.org\/index.php\/wp-json\/wp\/v2\/pages\/21770\/revisions"}],"predecessor-version":[{"id":22140,"href":"https:\/\/operajunior.org\/index.php\/wp-json\/wp\/v2\/pages\/21770\/revisions\/22140"}],"wp:attachment":[{"href":"https:\/\/operajunior.org\/index.php\/wp-json\/wp\/v2\/media?parent=21770"}],"curies":[{"name":"wp","href":"https:\/\/api.w.org\/{rel}","templated":true}]}}

<div data-elementor-type="wp-page" data-elementor-id="21770" class="elementor elementor-21770">
						<section style="background-image: url(http://operajunior.org/wp-content/uploads/2025/08/OJFondnosengagements.jpg);" class="parallax_section_holder elementor-section elementor-top-section elementor-element elementor-element-32425669 elementor-section-full_width parallax_section_holder elementor-section-stretched elementor-section-height-default elementor-section-height-default qode_elementor_container_no qode-content-aligment-left" data-speed="0" data-id="32425669" data-element_type="section" data-settings="{&quot;qode_parallax_image&quot;:{&quot;url&quot;:&quot;http:\/\/operajunior.org\/wp-content\/uploads\/2025\/08\/OJFondnosengagements.jpg&quot;,&quot;id&quot;:21779,&quot;size&quot;:&quot;&quot;,&quot;alt&quot;:&quot;&quot;,&quot;source&quot;:&quot;library&quot;},&quot;background_background&quot;:&quot;slideshow&quot;,&quot;stretch_section&quot;:&quot;section-stretched&quot;,&quot;background_slideshow_gallery&quot;:[],&quot;background_slideshow_loop&quot;:&quot;yes&quot;,&quot;background_slideshow_slide_duration&quot;:5000,&quot;background_slideshow_slide_transition&quot;:&quot;fade&quot;,&quot;background_slideshow_transition_duration&quot;:500}">
						<div class="elementor-container elementor-column-gap-default">
					<div class="elementor-column elementor-col-100 elementor-top-column elementor-element elementor-element-7af592d6" data-id="7af592d6" data-element_type="column">
			<div class="elementor-widget-wrap elementor-element-populated">
						<div class="elementor-element elementor-element-162f0bae elementor-widget elementor-widget-spacer" data-id="162f0bae" data-element_type="widget" data-widget_type="spacer.default">
							<div class="elementor-spacer">
			<div class="elementor-spacer-inner"></div>
		</div>
						</div>
					</div>
		</div>
					</div>
		</section>
				<section class="elementor-section elementor-top-section elementor-element elementor-element-10b3d155 elementor-section-full_width elementor-section-height-default elementor-section-height-default parallax_section_no qode_elementor_container_no qode-content-aligment-left" data-id="10b3d155" data-element_type="section">
						<div class="elementor-container elementor-column-gap-default">
					<div class="elementor-column elementor-col-100 elementor-top-column elementor-element elementor-element-361df43" data-id="361df43" data-element_type="column">
			<div class="elementor-widget-wrap elementor-element-populated">
						<div class="elementor-element elementor-element-5d3b5e1b elementor-widget-divider--view-line elementor-widget elementor-widget-divider" data-id="5d3b5e1b" data-element_type="widget" data-widget_type="divider.default">
							<div class="elementor-divider">
			<span class="elementor-divider-separator">
						</span>
		</div>
						</div>
				<div class="elementor-element elementor-element-7ca0e360 elementor-widget elementor-widget-text-editor" data-id="7ca0e360" data-element_type="widget" data-widget_type="text-editor.default">
									<h4>Un engagement écologique et social</h4>								</div>
					</div>
		</div>
					</div>
		</section>
				<section class="elementor-section elementor-top-section elementor-element elementor-element-10d665a9 qode_elementor_container_inner elementor-section-boxed elementor-section-height-default elementor-section-height-default parallax_section_no qode-content-aligment-left" data-id="10d665a9" data-element_type="section">
						<div class="elementor-container elementor-column-gap-default">
					<div class="elementor-column elementor-col-50 elementor-top-column elementor-element elementor-element-5542334e" data-id="5542334e" data-element_type="column">
			<div class="elementor-widget-wrap elementor-element-populated">
						<div class="elementor-element elementor-element-1d949681 elementor-widget elementor-widget-text-editor" data-id="1d949681" data-element_type="widget" data-widget_type="text-editor.default">
									<p>L&#8217;une des valeurs constitutives d&#8217;Opéra Junior depuis sa création est <strong>l&#8217;engagement</strong>. Un engagement au service de l&#8217;accessibilité de l&#8217;art, au service des populations éloignées de la culture dite savante, mais qui se veut également aujourd&#8217;hui <strong>environnemental et social</strong>. </p>								</div>
				<div class="elementor-element elementor-element-13534283 elementor-widget elementor-widget-text-editor" data-id="13534283" data-element_type="widget" data-widget_type="text-editor.default">
									<p>Avec des productions conçues dans une démarche circulaire et raisonnée, une politique d&#8217;achats responsables, une optimisation des déplacements et des usages numériques, les équipes d&#8217;Opéra Junior contribuent à repenser les modèles, les habitudes et les pratiques afin de poursuivre et développer les activités artistiques sur <strong>des fondements plus durables</strong>.</p><p>Afin de marquer ces évolutions et les inscrire dans une perspective collaborative, l&#8217;association est en cours d&#8217;adhésion à <strong>Arviva</strong>. </p>								</div>
				<div class="elementor-element elementor-element-83d6b3a elementor-widget elementor-widget-text-editor" data-id="83d6b3a" data-element_type="widget" data-widget_type="text-editor.default">
									<p><strong><a href="https://www.arviva.org">www.arviva.org</a></strong></p>								</div>
					</div>
		</div>
				<div class="elementor-column elementor-col-50 elementor-top-column elementor-element elementor-element-8ce33be elementor-hidden-tablet elementor-hidden-phone" data-id="8ce33be" data-element_type="column">
			<div class="elementor-widget-wrap">
							</div>
		</div>
					</div>
		</section>
				<section class="elementor-section elementor-top-section elementor-element elementor-element-423d5b1 elementor-section-full_width elementor-section-height-default elementor-section-height-default parallax_section_no qode_elementor_container_no qode-content-aligment-left" data-id="423d5b1" data-element_type="section">
						<div class="elementor-container elementor-column-gap-default">
					<div class="elementor-column elementor-col-100 elementor-top-column elementor-element elementor-element-0415a0f" data-id="0415a0f" data-element_type="column">
			<div class="elementor-widget-wrap elementor-element-populated">
						<div class="elementor-element elementor-element-1286f40 elementor-widget-divider--view-line elementor-widget elementor-widget-divider" data-id="1286f40" data-element_type="widget" data-widget_type="divider.default">
							<div class="elementor-divider">
			<span class="elementor-divider-separator">
						</span>
		</div>
						</div>
				<div class="elementor-element elementor-element-8cdb3a0 elementor-widget elementor-widget-text-editor" data-id="8cdb3a0" data-element_type="widget" data-widget_type="text-editor.default">
									<h4>Egalité professionnelle et engagements</h4>								</div>
					</div>
		</div>
					</div>
		</section>
				<section class="elementor-section elementor-top-section elementor-element elementor-element-70af44b qode_elementor_container_inner elementor-section-boxed elementor-section-height-default elementor-section-height-default parallax_section_no qode-content-aligment-left" data-id="70af44b" data-element_type="section">
						<div class="elementor-container elementor-column-gap-default">
					<div class="elementor-column elementor-col-50 elementor-top-column elementor-element elementor-element-8181ab0" data-id="8181ab0" data-element_type="column">
			<div class="elementor-widget-wrap elementor-element-populated">
						<div class="elementor-element elementor-element-b87265b elementor-widget elementor-widget-text-editor" data-id="b87265b" data-element_type="widget" data-widget_type="text-editor.default">
									<p>S’engager pour l’environnement, c’est aussi s’engager pour l’humain, notamment dans le domaine social et des ressources humaines. Outre l’application de grilles salariales au-delà des obligations légales pour toutes les catégories de personnels employés dans une stricte égalité homme – femme, Opéra Junior s’engage également dans la prévention et la lutte contre les agissements sexistes, le harcèlement sexuel et plus largement contre toutes formes de harcèlements et de discriminations.</p>								</div>
				<div class="elementor-element elementor-element-be2cdb6 elementor-widget elementor-widget-text-editor" data-id="be2cdb6" data-element_type="widget" data-widget_type="text-editor.default">
									<p>Ainsi, depuis 2023, deux personnes référentes dont un membre du bureau de l&#8217;association, ont été spécifiquement formées à ces questions et sont identifiées auprès des artistes et techniciens intervenants en marge de chaque production. Différents outils ont également été mis en place afin de promouvoir un environnement de travail où tous les talents, qu’ils soient artistiques, techniques ou administratifs, peuvent s’épanouir.</p>								</div>
					</div>
		</div>
				<div class="elementor-column elementor-col-50 elementor-top-column elementor-element elementor-element-a4d79e2 elementor-hidden-tablet elementor-hidden-phone" data-id="a4d79e2" data-element_type="column">
			<div class="elementor-widget-wrap">
							</div>
		</div>
					</div>
		</section>
				</div>

<p>Un engagement écologique et social L&#8217;une des valeurs constitutives d&#8217;Opéra Junior depuis sa création est l&#8217;engagement. Un engagement au service de l&#8217;accessibilité de l&#8217;art, au service des populations éloignées de la culture dite savante, mais qui se veut également aujourd&#8217;hui environnemental et social.  Avec des&#8230;</p>
